 5*n**2 + 5*n. Let a = -22 + 20. What is the units digit of q(a)?
0
Let k be (-8)/(-3)*(-6)/(-4). Suppose k*z - 8*a + 3*a = 121, 3*z - 90 = 3*a. What is the units digit of z?
9
Suppose 367 = j - 0*j - 3*l, -5*l = 4*j - 1502. Suppose 2*g = -4*d + 234, -4*g + 5*d + 121 = -j. What is the hundreds digit of g?
1
Let d be 42*(5/10)/(-1). Let f = d + 38. What is the units digit of f?
7
Let d(a) = -a**2 - 3*a - 3. Suppose 4*j - 7 = -19. Let o be d(j). What is the tens digit of 58/3*o/(-2)?
2
Let y = -95 - -214. Suppose 5 = -m, -5*m = -0*a + 2*a - y. What is the tens digit of a?
7
Let x(d) = 2*d**3 - d**2 - d + 1. Let g be x(1). Let p(h) = -4*h**2 + 4*h**2 - 8 + 2*h**2 + g + 6*h. What is the tens digit of p(-5)?
1
Suppose w = -i + 238 + 30, 4*i - 546 = -2*w. What is the units digit of w?
3
Let y(r) = -1. Let h(p) = -p**2 - 2*p + 8. Let s(z) = h(z) + 4*y(z). Let f(w) = -w + 1. Let b(l) = 4*f(l) - s(l). What is the units digit of b(-4)?
4
What is the units digit of 9966/16 + (-29)/(-232)?
3
Let o be (-4)/(-3)*42/56. What is the tens digit of 76 + (-4)/4 + o?
7
Suppose -2*u - 6 = -4*b, -5*b + 15 = u - 2*u. What is the tens digit of (-50 + -4 + b)/(-2)?
2
Let j be ((-9)/3 - -6) + -2. What is the tens digit of 207/6*(j + 11 - 4)?
7
Let y = 111 + 10. Suppose y + 3 = 2*p. What is the units digit of p?
2
Let c = 5764 + -3129. What is the hundreds digit of c?
6
Let q = 6301 - 3384. What is the hundreds digit of q?
9
Let o(q) = 4*q**3 - q**2 - 5*q + 4. Let r be o(3). Suppose -76*l + 79*l = 9. Suppose l*h - 88 = 4*d, -3*h = h + 2*d - r. What is the tens digit of h?
2
Let a = 42 - 62. Let l = a - -60. What is the tens digit of l?
4
Suppose -6*h = -4*h - 30. Let x = h - -123. What is the units digit of x?
8
What is the tens digit of 117/(-9)*71/(-1)?
2
Let s = 685 + -545. What is the hundreds digit of s?
1
Let f(k) = -k + 5. Let b be f(-2). Suppose 2*j - 19 = -b. What is the tens digit of ((j - 4) + 40)/1?
4
Let x(s) = -s**3 + 31*s**2 + 10*s - 63. What is the hundreds digit of x(27)?
1
Suppose -4*y = -5*n + 2979 + 152, -n - 6*y = -599. What is the hundreds digit of n?
6
Let w(u) = -u + 11. Let b be w(6). Suppose -b*c + 132 = -43. What is the units digit of c?
5
What is the hundreds digit of 80/96 + (-33717)/(-18)?
8
Let k(s) = -s**2 + 2*s. Let i be k(0). Let n = 7 + i. Suppose -15 = 4*r - n*r. What is the units digit of r?
5
Let b(s) = -5*s + 3. Let l be b(-2). Suppose -2*z = -5*p + 15, 2*p - l = -z + 2. What is the units digit of p?
5
Let a = 3141 + -1460. What is the hundreds digit of a?
6
Suppose 62*b = 64*b - 1780. What is the tens digit of b?
9
Suppose 5*q - 12 = 8. Suppose g + q*k - 54 = 0, -59 = -4*g - 3*k + 92. What is the units digit of g?
4
Suppose 9*y = 18*y - 5733. What is the tens digit of y?
3
Let f(t) = 8*t**3 - 4*t**2 + 15*t - 3. What is the hundreds digit of f(5)?
9
Let j(y) = -2*y**3 - 3*y**2 + y - 1. Let z(u) = -u**3 - u**2 - 2*u - 4. Let d be z(0). What is the units digit of j(d)?
5
Let g(l) = -l**3 + 6*l**2 + l - 4. Let n be g(6). Let j(o) = -o**3 - 7*o**2 - 10*o + 5. Let a be j(-5). Suppose n = -a*r + 42. What is the units digit of r?
8
What is the tens digit of -1*4 - (89460/(-18))/5?
9
Suppose 0 = x + 5*w - 328, w - 430 - 1090 = -5*x. Suppose 4*z - 1627 + x = 0. Suppose 5*h = 4 + z. What is the tens digit of h?
6
Let m be 4/30 + (-146)/(-30). Suppose 0 = 3*c + 6, -m*y + 3*c = -2*c - 235. What is the units digit of y?
5
Let t = 1505 - 581. What is the tens digit of t?
2
Suppose -15*l + 2 = -16*l. What is the units digit of 138 + (l - -2) - (0 - 2)?
0
Suppose -1354 = -3*k - 2*s, 6*k - k + 4*s = 2258. What is the units digit of k?
0
Suppose 2062 - 68602 = -12*k. What is the thousands digit of k?
5
Let p = -1 - -3. Suppose -h - p*h = 84. Let w = 42 + h. What is the units digit of w?
4
Let i(y) = -14*y - 162. What is the units digit of i(-20)?
8
Suppose -6*k = -k + 40. Let g be 3*(-10)/k*4. Suppose -s + 9 + g = 0. What is the tens digit of s?
2
Let s = 11 - 7. Suppose -s*d + 138 = -22. Suppose -16 - d = -4*t. What is the units digit of t?
4
Let l be ((-62)/3 + -4)/((-2)/(-6)). Let m = -23 - l. What is the units digit of m?
1
What is the hundreds digit of (-24)/(-96)*(1 - -10155)?
5
Let s = -127 - -232. Suppose -7*y + 4*y = -s. What is the units digit of y?
5
Suppose -2*s = 5*i + 7, 6*i - 2*i + 8 = -s. Suppose -t + s = -h - 1, -1 = -3*h - t. What is the tens digit of 1*h/(2/(-44))?
2
Let y = -24 - -27. Let o(c) = c. Let m be o(y). What is the units digit of 47 - ((-24)/m)/(-2)?
3
Suppose -157*c + 8022 = -150*c. What is the units digit of c?
6
Let g = -1 + 6. Let v(b) = -2*b**3 + g*b**2 - 9*b**2 - 7*b - 5 + b**3. What is the units digit of v(-5)?
5
Let j = 2 + 7. Suppose 3*l + j = -3, l = -5*x + 16. Suppose 0 = -x*t + 19 + 13. What is the units digit of t?
8
Let f(v) = 245*v - 126. What is the thousands digit of f(5)?
1
Let f be (4 - 8) + (7 - -2). Let c = f - -34. What is the tens digit of c?
3
Let w = 299 - 124. Suppose 38*h - 43*h = -w. What is the units digit of h?
5
Let a be ((-2)/4)/(11/(-6) - -2). What is the hundreds digit of (6/a)/(3 + (-335)/111)?
1
Let l(f) = 3*f + 23. Let s be l(-11). Let o(p) = -7*p**2 - 4*p + 12. Let m(u) = u**2. Let i(w) = -6*m(w) - o(w). What is the units digit of i(s)?
8
Suppose -2*z + g = -6, 5*g + 9 = 3*z + 2*g. Suppose z*a = -4*a + 1218. What is the tens digit of a?
7
Suppose 16 - 41 = -5*l. Let y be 4/(-6) - (-100)/6. Let z = y - l. What is the units digit of z?
1
Suppose 4*u + 5*l - 61 = 0, -u + 4*u + 3*l = 42. Suppose -14*p + 70 = -u*p. What is the units digit of p?
4
Let n(c) be the second derivative of -11*c**4/6 - c**3/6 + c**2/2 - 2*c. Let m(k) be the first derivative of n(k). What is the tens digit of m(-1)?
4
Suppose 3*w - 28 + 13 = 0. Suppose w*l - 146 = 259. What is the units digit of l?
1
Let s(h) = -85*h**3 + 3*h**2 - 4. Let z be s(-2). Suppose 15*m - z = 7*m. What is the units digit of m?
6
Suppose i = 4*w + 2807, -i - 11192 = -5*i - 2*w. What is the hundreds digit of i?
7
Suppose -4*z = -42*z + 73264. What is the units digit of z?
8
Let p be 876/36 + (-1 - 4/(-6)). What is the units digit of (42/(-5) - 0)/(p/(-320))?
2
Let f(i) = -114*i + 116. What is the hundreds digit of f(-22)?
6
Let q(p) = p**2 + 9*p + 2. Let o be q(-10). Suppose 0 = -5*r + 5*t + 2 - 7, -4*t = o. What is the units digit of 8/r + 3 + 22?
3
Let h(f) = -7*f**3 + 9*f + 3. Let y(r) = -6*r**3 + 8*r + 3. Let m(c) = -4*h(c) + 5*y(c). What is the tens digit of m(-3)?
4
Suppose 3*x - 3135 = 3*r, -2664 - 2589 = -5*x - 2*r. What is the hundreds digit of x?
0
Suppose -2236 - 494 = -14*y. What is the units digit of y?
5
Suppose -y = -12*y + 5181. What is the tens digit of y?
7
Let s(a) = 19*a**2 - 26*a - 179. What is the thousands digit of s(-10)?
1
Let d = 4 - 1. Let b be (3/1)/(24/56). Suppose -2*s + h = -b - 2, d = 2*s + 5*h. What is the units digit of s?
4
Let m be 801/(-2)*32/16. Let j = -559 - m. What is the tens digit of j?
4
Let z(f) = f**3 + f**2 + f. Let b(q) = 4*q**3 + 4*q**2 + 4*q. Let m(h) = b(h) - 6*z(h). Let j(i) = 2*i + 6. Let s be j(-4). What is the units digit of m(s)?
2
Let w = 410 + 254. What is the tens digit of w?
6
What is the tens digit of (-8072)/(-8)*1 + -1?
0
Let v(g) be the first derivative of -g**5/60 + 7*g**4/12 + 13*g**3/6 - g**2/2 - 4. Let q(i) be the second derivative of v(i). What is the units digit of q(11)?
6
Let q(h) = -176*h + 5. What is the hundreds digit of q(-1)?
1
Let l(m) = -2*m + 12. Let y be l(6). Let d(w) = -w**3 + w**2 + 18. What is the units digit of d(y)?
8
What is the tens digit of (-456)/14*(2 - 27/3)?
2
Let r(a) = 5*a - 1. Let b be r(5). Suppose 3*x - 7*x = -b. Let m = 12 + x. What is the tens digit of m?
1
What is the tens digit of (-187)/(-231)*2637 + (-4)/(-14)?
3
Let v(l) = 68*l**3 + l**2 + 12*l - 49. What is the tens digit of v(3)?
3
Let a = 84 - 100. Let x = a + 122. What is the tens digit of x?
0
Suppose 47*j - 12960 = 7*j. What is the units digit of j?
4
Let r = 14 - 13. Let h = 151 - r. Suppose -11*q - h = -16*q. What is the tens digit of q?
3
Let f(s) = 2*s + 36. Let q be f(-16). Suppose -2*p + 372 = q*p. What is the units digit of p?
2
Suppose 4*t = -c + 44, 2*t = -t. What is the tens digit of c?
4
Suppose 2*q + 15 = 6*q + 3*t, 2*q + 2*t = 6. Let j(c) = c**3 - 4*c**2 - 4*c 